{"id":2,"date":"2019-04-17T09:17:05","date_gmt":"2019-04-17T09:17:05","guid":{"rendered":"https:\/\/www.rayskala.fi\/smkisat\/?page_id=2"},"modified":"2026-02-27T11:59:18","modified_gmt":"2026-02-27T09:59:18","slug":"etusivu","status":"publish","type":"page","link":"https:\/\/www.rayskala.fi\/smkisat\/","title":{"rendered":"Purjelennon SM-kilpailut"},"content":{"rendered":"\t\t<div data-elementor-type=\"wp-post\" data-elementor-id=\"2\" class=\"elementor elementor-2\" data-elementor-post-type=\"page\">\n\t\t\t\t\t\t<section class=\"elementor-section elementor-top-section elementor-element elementor-element-3636886 elementor-section-boxed elementor-section-height-default elementor-section-height-default\" data-id=\"3636886\" data-element_type=\"section\" data-e-type=\"section\">\n\t\t\t\t\t\t<div class=\"elementor-container elementor-column-gap-extended\">\n\t\t\t\t\t<div class=\"elementor-column elementor-col-66 elementor-top-column elementor-element elementor-element-8e7a6c2\" data-id=\"8e7a6c2\" data-element_type=\"column\" data-e-type=\"column\">\n\t\t\t<div class=\"elementor-widget-wrap elementor-element-populated\">\n\t\t\t\t\t\t<section class=\"elementor-section elementor-inner-section elementor-element elementor-element-851582c elementor-section-boxed elementor-section-height-default elementor-section-height-default\" data-id=\"851582c\" data-element_type=\"section\" data-e-type=\"section\">\n\t\t\t\t\t\t<div class=\"elementor-container elementor-column-gap-default\">\n\t\t\t\t\t<div class=\"elementor-column elementor-col-100 elementor-inner-column elementor-element elementor-element-f1255c4\" data-id=\"f1255c4\" data-element_type=\"column\" data-e-type=\"column\">\n\t\t\t<div class=\"elementor-widget-wrap elementor-element-populated\">\n\t\t\t\t\t\t<div class=\"elementor-element elementor-element-3a51308 elementor-widget elementor-widget-text-editor\" data-id=\"3a51308\" data-element_type=\"widget\" data-e-type=\"widget\" data-widget_type=\"text-editor.default\">\n\t\t\t\t<div class=\"elementor-widget-container\">\n\t\t\t\t\t\t\t\t\t<h1>Purjelennon SM-kilpailut 2026<\/h1><p>Purjelennon SM-kilpailut j\u00e4rjestet\u00e4\u00e4n R\u00e4ysk\u00e4l\u00e4ss\u00e4\u00a06.\u201313.6.2026<br \/>Kilpailuluokat: Avoin, kerho ja racing<\/p><h3>Kilpailukutsu<\/h3><p>Tervetuloa kaikkien luokkien purjelennon suomenmestaruuskilpailuihin R\u00e4ysk\u00e4l\u00e4\u00e4n 6.6.-13.6.2026.<\/p><p>Kilpailussa noudatetaan Suomen ilmailuliiton purjelentotoimikunnan (PT) julkaisemia voimassa olevia purjelennon suomenmestaruuskilpailujen s\u00e4\u00e4nt\u00f6j\u00e4 ja Suomen Ilmailuliiton yleisi\u00e4 SM-kilpailus\u00e4\u00e4nt\u00f6j\u00e4.<\/p><p>Kaikissa luokissa k\u00e4ytet\u00e4\u00e4n PT:n julkaisemia tasoituskertoimia.<\/p><p><strong>Ilmoittautuminen<\/strong><br \/>Ilmoittaudu kisoihin <a href=\"https:\/\/digiken.fi\/entries\/sm2026\/index.php\" target=\"_blank\" rel=\"noopener\">t\u00e4ll\u00e4 ilmoittautumislomakkeella<\/a><br \/>Osallistuja katsotaan virallisesti ilmoittautuneeksi, kun osallistumismaksu on maksettu ja lentotallentimen koetiedostot on toimitettu j\u00e4rjest\u00e4j\u00e4lle.<\/p><p><strong>Osallistumismaksu<\/strong><br \/>Osallistumismaksu on 280 \u20ac, joka maksetaan 15.5. menness\u00e4 R\u00e4ysk\u00e4l\u00e4n-S\u00e4\u00e4ti\u00f6n tilille: OP Loppi, FI26 5253 1520 0119 91<br \/>Kisahinaus maksaa 60 \u20ac\/ 600 m, itsestarttaavien koneiden osalta perit\u00e4\u00e4n 7 \u20ac\/l\u00e4ht\u00f6.<\/p><p><strong>J\u00e4lki-ilmoittautuminen<\/strong><br \/>J\u00e4lki-ilmoittautumismaksu 380 \u20ac perit\u00e4\u00e4n kaikilta, jotka ilmoittautuvat 15.5. j\u00e4lkeen. Viimeinen j\u00e4lki-ilmoittautuminen 3.6.<\/p><p>Kilpailujen j\u00e4rjestelyist\u00e4 vastaa R\u00e4ysk\u00e4l\u00e4-S\u00e4\u00e4ti\u00f6.<\/p><p>Tervetuloa!<\/p><p>R\u00e4ysk\u00e4l\u00e4-S\u00e4\u00e4ti\u00f6<br \/>Anu Vahteristo<br \/>+358 400\u00a0921 260<br \/><a href=\"mailto:anu.vahteristo@rayskala.fi\">anu.vahteristo@rayskala.fi<\/a><\/p><p>Kilpailunjohtaja<br \/>Esko Lehtonen<br \/>+358 400 481 675<br \/><a href=\"mailto:esko.lehtonen@rayskala.fi\">esko.lehtonen@rayskala.fi<\/a><\/p>\t\t\t\t\t\t\t\t<\/div>\n\t\t\t\t<\/div>\n\t\t\t\t\t<\/div>\n\t\t<\/div>\n\t\t\t\t\t<\/div>\n\t\t<\/section>\n\t\t\t\t<div class=\"elementor-element elementor-element-1bc7a7d elementor-widget elementor-widget-spacer\" data-id=\"1bc7a7d\" data-element_type=\"widget\" data-e-type=\"widget\" data-widget_type=\"spacer.default\">\n\t\t\t\t<div class=\"elementor-widget-container\">\n\t\t\t\t\t\t\t<div class=\"elementor-spacer\">\n\t\t\t<div class=\"elementor-spacer-inner\"><\/div>\n\t\t<\/div>\n\t\t\t\t\t\t<\/div>\n\t\t\t\t<\/div>\n\t\t\t\t<section class=\"elementor-section elementor-inner-section elementor-element elementor-element-fe6412b elementor-section-boxed elementor-section-height-default elementor-section-height-default\" data-id=\"fe6412b\" data-element_type=\"section\" data-e-type=\"section\">\n\t\t\t\t\t\t<div class=\"elementor-container elementor-column-gap-default\">\n\t\t\t\t\t<div class=\"elementor-column elementor-col-100 elementor-inner-column elementor-element elementor-element-8b27aad\" data-id=\"8b27aad\" data-element_type=\"column\" data-e-type=\"column\">\n\t\t\t<div class=\"elementor-widget-wrap elementor-element-populated\">\n\t\t\t\t\t\t<div class=\"elementor-element elementor-element-b7f77ec elementor-widget elementor-widget-text-editor\" data-id=\"b7f77ec\" data-element_type=\"widget\" data-e-type=\"widget\" data-widget_type=\"text-editor.default\">\n\t\t\t\t<div class=\"elementor-widget-container\">\n\t\t\t\t\t\t\t\t\t<p><\/p>\n<p><b>GDPR<\/b><br>Huomioi seuraavat tietosuojaan liittyv\u00e4t asiat: Ilmoittautuessasi kilpailuun hyv\u00e4ksyt, ett\u00e4 nimesi julkaistaan l\u00e4ht\u00f6- ja tuloslistalla ellet sit\u00e4 erikseen kiell\u00e4 (GDPR), ja lis\u00e4ksi l\u00e4ht\u00f6- ja tulostietoja voidaan luovuttaa esimerkiksi median k\u00e4ytt\u00f6\u00f6n ja tilastointiin.<\/p>\n<p>Tietoja voidaan julkaista vapaasti, julkaisijoina ovat esimerkiksi kilpailun j\u00e4rjest\u00e4j\u00e4, Suomen Ilmailuliitto ja kansainv\u00e4linen Ilmailuliitto FAI sek\u00e4 Suomen Olympiakomitea.<\/p>\n<p>Tulostietoja s\u00e4ilytet\u00e4\u00e4n m\u00e4\u00e4r\u00e4\u00e4m\u00e4tt\u00f6m\u00e4n ajan. Muita ilmoittautumisen yhteydess\u00e4 ker\u00e4ttyj\u00e4 henkil\u00f6tietoja s\u00e4ilytet\u00e4\u00e4n niin kauan kuin on tarpeellista.<\/p>\n<p>Ilmoittautuneilla on oikeus rajoittaa tietojensa k\u00e4ytt\u00f6\u00e4 ja kilpailijaa pyydet\u00e4\u00e4n ilmoittamaan mahdollisista henkil\u00f6tietoihinsa liittyvist\u00e4 rajoituksista ilmoittautumisen yhteydess\u00e4. Tietojen rajoittaminen voi est\u00e4\u00e4 p\u00e4\u00e4syn kilpailuihin<\/p>\t\t\t\t\t\t\t\t<\/div>\n\t\t\t\t<\/div>\n\t\t\t\t\t<\/div>\n\t\t<\/div>\n\t\t\t\t\t<\/div>\n\t\t<\/section>\n\t\t\t\t\t<\/div>\n\t\t<\/div>\n\t\t\t\t<div class=\"elementor-column elementor-col-33 elementor-top-column elementor-element elementor-element-6c66045\" data-id=\"6c66045\" data-element_type=\"column\" data-e-type=\"column\">\n\t\t\t<div class=\"elementor-widget-wrap elementor-element-populated\">\n\t\t\t\t\t\t<section class=\"elementor-section elementor-inner-section elementor-element elementor-element-4e51f3c elementor-section-boxed elementor-section-height-default elementor-section-height-default\" data-id=\"4e51f3c\" data-element_type=\"section\" data-e-type=\"section\">\n\t\t\t\t\t\t<div class=\"elementor-container elementor-column-gap-default\">\n\t\t\t\t\t<div class=\"elementor-column elementor-col-100 elementor-inner-column elementor-element elementor-element-13902da\" data-id=\"13902da\" data-element_type=\"column\" data-e-type=\"column\">\n\t\t\t<div class=\"elementor-widget-wrap elementor-element-populated\">\n\t\t\t\t\t\t<div class=\"elementor-element elementor-element-907f5d9 elementor-widget elementor-widget-heading\" data-id=\"907f5d9\" data-element_type=\"widget\" data-e-type=\"widget\" data-widget_type=\"heading.default\">\n\t\t\t\t<div class=\"elementor-widget-container\">\n\t\t\t\t\t<h2 class=\"elementor-heading-title elementor-size-default\">WEBKAMERA<\/h2>\t\t\t\t<\/div>\n\t\t\t\t<\/div>\n\t\t\t\t<div class=\"elementor-element elementor-element-256f034 elementor-widget elementor-widget-text-editor\" data-id=\"256f034\" data-element_type=\"widget\" data-e-type=\"widget\" data-widget_type=\"text-editor.default\">\n\t\t\t\t<div class=\"elementor-widget-container\">\n\t\t\t\t\t\t\t\t\t<a href=\"https:\/\/www.rayskala.fi\/webcamera2\/EFRY1-0.jpg\"><img decoding=\"async\" src=\"https:\/\/www.rayskala.fi\/webcamera2\/EFRY1-0.jpg\"><\/a>\t\t\t\t\t\t\t\t<\/div>\n\t\t\t\t<\/div>\n\t\t\t\t<div class=\"elementor-element elementor-element-933aee4 elementor-widget elementor-widget-button\" data-id=\"933aee4\" data-element_type=\"widget\" data-e-type=\"widget\" data-widget_type=\"button.default\">\n\t\t\t\t<div class=\"elementor-widget-container\">\n\t\t\t\t\t\t\t\t\t<div class=\"elementor-button-wrapper\">\n\t\t\t\t\t<a class=\"elementor-button elementor-button-link elementor-size-xs\" href=\"https:\/\/www.rayskala.fi\/rayskala\/webcamera\">\n\t\t\t\t\t\t<span class=\"elementor-button-content-wrapper\">\n\t\t\t\t\t\t\t\t\t<span class=\"elementor-button-text\">Kaikki kuvat<\/span>\n\t\t\t\t\t<\/span>\n\t\t\t\t\t<\/a>\n\t\t\t\t<\/div>\n\t\t\t\t\t\t\t\t<\/div>\n\t\t\t\t<\/div>\n\t\t\t\t\t<\/div>\n\t\t<\/div>\n\t\t\t\t\t<\/div>\n\t\t<\/section>\n\t\t\t\t\t<\/div>\n\t\t<\/div>\n\t\t\t\t\t<\/div>\n\t\t<\/section>\n\t\t\t\t<section class=\"elementor-section elementor-top-section elementor-element elementor-element-4764e95 elementor-section-boxed elementor-section-height-default elementor-section-height-default\" data-id=\"4764e95\" data-element_type=\"section\" data-e-type=\"section\" data-settings=\"{&quot;background_background&quot;:&quot;gradient&quot;}\">\n\t\t\t\t\t\t<div class=\"elementor-container elementor-column-gap-default\">\n\t\t\t\t\t<div class=\"elementor-column elementor-col-100 elementor-top-column elementor-element elementor-element-03b0002\" data-id=\"03b0002\" data-element_type=\"column\" data-e-type=\"column\">\n\t\t\t<div class=\"elementor-widget-wrap elementor-element-populated\">\n\t\t\t\t\t\t<div class=\"elementor-element elementor-element-4709255 elementor-widget elementor-widget-icon-box\" data-id=\"4709255\" data-element_type=\"widget\" data-e-type=\"widget\" data-widget_type=\"icon-box.default\">\n\t\t\t\t<div class=\"elementor-widget-container\">\n\t\t\t\t\t\t\t<div class=\"elementor-icon-box-wrapper\">\n\n\t\t\t\n\t\t\t\t\t\t<div class=\"elementor-icon-box-content\">\n\n\t\t\t\t\t\t\t\t\t<h1 class=\"elementor-icon-box-title\">\n\t\t\t\t\t\t<span  >\n\t\t\t\t\t\t\tLiity R\u00e4ysk\u00e4l\u00e4n s\u00e4hk\u00f6postilistalle\t\t\t\t\t\t<\/span>\n\t\t\t\t\t<\/h1>\n\t\t\t\t\n\t\t\t\t\t\t\t\t\t<p class=\"elementor-icon-box-description\">\n\t\t\t\t\t\tLiittym\u00e4ll\u00e4 s\u00e4hk\u00f6postilistalle saat uusimmat kuulumiset ja tarjoukset s\u00e4hk\u00f6postiisi\t\t\t\t\t<\/p>\n\t\t\t\t\n\t\t\t<\/div>\n\t\t\t\n\t\t<\/div>\n\t\t\t\t\t\t<\/div>\n\t\t\t\t<\/div>\n\t\t\t\t<div class=\"elementor-element elementor-element-0a5fc1c elementor-align-center elementor-widget elementor-widget-button\" data-id=\"0a5fc1c\" data-element_type=\"widget\" data-e-type=\"widget\" data-widget_type=\"button.default\">\n\t\t\t\t<div class=\"elementor-widget-container\">\n\t\t\t\t\t\t\t\t\t<div class=\"elementor-button-wrapper\">\n\t\t\t\t\t<a class=\"elementor-button elementor-button-link elementor-size-sm\" href=\"http:\/\/eepurl.com\/h1rNBT\" target=\"_blank\">\n\t\t\t\t\t\t<span class=\"elementor-button-content-wrapper\">\n\t\t\t\t\t\t\t\t\t<span class=\"elementor-button-text\">Liity t\u00e4st\u00e4<\/span>\n\t\t\t\t\t<\/span>\n\t\t\t\t\t<\/a>\n\t\t\t\t<\/div>\n\t\t\t\t\t\t\t\t<\/div>\n\t\t\t\t<\/div>\n\t\t\t\t\t<\/div>\n\t\t<\/div>\n\t\t\t\t\t<\/div>\n\t\t<\/section>\n\t\t\t\t<\/div>\n\t\t","protected":false},"excerpt":{"rendered":"<p>Purjelennon SM-kilpailut 2026 Purjelennon SM-kilpailut j\u00e4rjestet\u00e4\u00e4n R\u00e4ysk\u00e4l\u00e4ss\u00e4\u00a06.\u201313.6.2026Kilpailuluokat: Avoin, kerho ja racing Kilpailukutsu Tervetuloa kaikkien luokkien purjelennon suomenmestaruuskilpailuihin R\u00e4ysk\u00e4l\u00e4\u00e4n 6.6.-13.6.2026. Kilpailussa noudatetaan Suomen ilmailuliiton purjelentotoimikunnan (PT) julkaisemia voimassa olevia purjelennon suomenmestaruuskilpailujen s\u00e4\u00e4nt\u00f6j\u00e4 ja Suomen Ilmailuliiton yleisi\u00e4 SM-kilpailus\u00e4\u00e4nt\u00f6j\u00e4. Kaikissa luokissa k\u00e4ytet\u00e4\u00e4n PT:n julkaisemia tasoituskertoimia. IlmoittautuminenIlmoittaudu kisoihin t\u00e4ll\u00e4 ilmoittautumislomakkeellaOsallistuja katsotaan virallisesti ilmoittautuneeksi, kun osallistumismaksu on maksettu ja lentotallentimen [&hellip;]<\/p>\n","protected":false},"author":1,"featured_media":1232,"parent":0,"menu_order":1,"comment_status":"closed","ping_status":"closed","template":"elementor_header_footer","meta":{"footnotes":""},"class_list":["post-2","page","type-page","status-publish","has-post-thumbnail","hentry","wpbf-post"],"yoast_head":"<!-- This site is optimized with the Yoast SEO plugin v27.6 - https:\/\/yoast.com\/product\/yoast-seo-wordpress\/ -->\n<title>Purjelennon SM-kilpailut, R\u00e4ysk\u00e4l\u00e4n Ilmailukeskus<\/title>\n<meta name=\"description\" content=\"R\u00e4ysk\u00e4l\u00e4-S\u00e4\u00e4ti\u00f6 j\u00e4rjest\u00e4\u00e4 purjelennon SM-kilpailut R\u00e4ysk\u00e4l\u00e4n lentokent\u00e4ll\u00e4 23.-30.5.2025 R\u00e4ysk\u00e4l\u00e4 Masters-kisojen yhteydess\u00e4.\" \/>\n<meta name=\"robots\" content=\"index, follow, max-snippet:-1, max-image-preview:large, max-video-preview:-1\" \/>\n<link rel=\"canonical\" href=\"https:\/\/www.rayskala.fi\/smkisat\/\" \/>\n<meta property=\"og:locale\" content=\"fi_FI\" \/>\n<meta property=\"og:type\" content=\"article\" \/>\n<meta property=\"og:title\" content=\"Purjelennon SM-kilpailut, R\u00e4ysk\u00e4l\u00e4n Ilmailukeskus\" \/>\n<meta property=\"og:description\" content=\"R\u00e4ysk\u00e4l\u00e4-S\u00e4\u00e4ti\u00f6 j\u00e4rjest\u00e4\u00e4 purjelennon SM-kilpailut R\u00e4ysk\u00e4l\u00e4n lentokent\u00e4ll\u00e4 23.-30.5.2025 R\u00e4ysk\u00e4l\u00e4 Masters-kisojen yhteydess\u00e4.\" \/>\n<meta property=\"og:url\" content=\"https:\/\/www.rayskala.fi\/smkisat\/\" \/>\n<meta property=\"og:site_name\" content=\"Purjelennon SM-kilpailut\" \/>\n<meta property=\"article:publisher\" content=\"https:\/\/www.facebook.com\/rayskala.fi\" \/>\n<meta property=\"article:modified_time\" content=\"2026-02-27T09:59:18+00:00\" \/>\n<meta property=\"og:image\" content=\"https:\/\/www.rayskala.fi\/files\/sites\/7\/smkisat_banner.jpg\" \/>\n\t<meta property=\"og:image:width\" content=\"1500\" \/>\n\t<meta property=\"og:image:height\" content=\"540\" \/>\n\t<meta property=\"og:image:type\" content=\"image\/jpeg\" \/>\n<meta name=\"twitter:card\" content=\"summary_large_image\" \/>\n<meta name=\"twitter:label1\" content=\"Arvioitu lukuaika\" \/>\n\t<meta name=\"twitter:data1\" content=\"1 minuutti\" \/>\n<script type=\"application\/ld+json\" class=\"yoast-schema-graph\">{\"@context\":\"https:\\\/\\\/schema.org\",\"@graph\":[{\"@type\":\"WebPage\",\"@id\":\"https:\\\/\\\/www.rayskala.fi\\\/smkisat\\\/\",\"url\":\"https:\\\/\\\/www.rayskala.fi\\\/smkisat\\\/\",\"name\":\"Purjelennon SM-kilpailut, R\u00e4ysk\u00e4l\u00e4n Ilmailukeskus\",\"isPartOf\":{\"@id\":\"https:\\\/\\\/www.rayskala.fi\\\/smkisat\\\/#website\"},\"primaryImageOfPage\":{\"@id\":\"https:\\\/\\\/www.rayskala.fi\\\/smkisat\\\/#primaryimage\"},\"image\":{\"@id\":\"https:\\\/\\\/www.rayskala.fi\\\/smkisat\\\/#primaryimage\"},\"thumbnailUrl\":\"https:\\\/\\\/www.rayskala.fi\\\/files\\\/sites\\\/7\\\/smkisat_banner.jpg\",\"datePublished\":\"2019-04-17T09:17:05+00:00\",\"dateModified\":\"2026-02-27T09:59:18+00:00\",\"description\":\"R\u00e4ysk\u00e4l\u00e4-S\u00e4\u00e4ti\u00f6 j\u00e4rjest\u00e4\u00e4 purjelennon SM-kilpailut R\u00e4ysk\u00e4l\u00e4n lentokent\u00e4ll\u00e4 23.-30.5.2025 R\u00e4ysk\u00e4l\u00e4 Masters-kisojen yhteydess\u00e4.\",\"breadcrumb\":{\"@id\":\"https:\\\/\\\/www.rayskala.fi\\\/smkisat\\\/#breadcrumb\"},\"inLanguage\":\"fi\",\"potentialAction\":[{\"@type\":\"ReadAction\",\"target\":[\"https:\\\/\\\/www.rayskala.fi\\\/smkisat\\\/\"]}]},{\"@type\":\"ImageObject\",\"inLanguage\":\"fi\",\"@id\":\"https:\\\/\\\/www.rayskala.fi\\\/smkisat\\\/#primaryimage\",\"url\":\"https:\\\/\\\/www.rayskala.fi\\\/files\\\/sites\\\/7\\\/smkisat_banner.jpg\",\"contentUrl\":\"https:\\\/\\\/www.rayskala.fi\\\/files\\\/sites\\\/7\\\/smkisat_banner.jpg\",\"width\":1500,\"height\":540},{\"@type\":\"BreadcrumbList\",\"@id\":\"https:\\\/\\\/www.rayskala.fi\\\/smkisat\\\/#breadcrumb\",\"itemListElement\":[{\"@type\":\"ListItem\",\"position\":1,\"name\":\"Home\",\"item\":\"https:\\\/\\\/www.rayskala.fi\\\/smkisat\\\/\"},{\"@type\":\"ListItem\",\"position\":2,\"name\":\"Purjelennon SM-kilpailut\"}]},{\"@type\":\"WebSite\",\"@id\":\"https:\\\/\\\/www.rayskala.fi\\\/smkisat\\\/#website\",\"url\":\"https:\\\/\\\/www.rayskala.fi\\\/smkisat\\\/\",\"name\":\"Purjelennon SM-kilpailut\",\"description\":\"Purjelennon SM-kilpailut R\u00e4ysk\u00e4l\u00e4ss\u00e4\",\"publisher\":{\"@id\":\"https:\\\/\\\/www.rayskala.fi\\\/smkisat\\\/#organization\"},\"potentialAction\":[{\"@type\":\"SearchAction\",\"target\":{\"@type\":\"EntryPoint\",\"urlTemplate\":\"https:\\\/\\\/www.rayskala.fi\\\/smkisat\\\/?s={search_term_string}\"},\"query-input\":{\"@type\":\"PropertyValueSpecification\",\"valueRequired\":true,\"valueName\":\"search_term_string\"}}],\"inLanguage\":\"fi\"},{\"@type\":\"Organization\",\"@id\":\"https:\\\/\\\/www.rayskala.fi\\\/smkisat\\\/#organization\",\"name\":\"Purjelennon SM-kilpailut\",\"url\":\"https:\\\/\\\/www.rayskala.fi\\\/smkisat\\\/\",\"logo\":{\"@type\":\"ImageObject\",\"inLanguage\":\"fi\",\"@id\":\"https:\\\/\\\/www.rayskala.fi\\\/smkisat\\\/#\\\/schema\\\/logo\\\/image\\\/\",\"url\":\"https:\\\/\\\/www.rayskala.fi\\\/files\\\/sites\\\/7\\\/rayskala_logo_600px_taustalla.png\",\"contentUrl\":\"https:\\\/\\\/www.rayskala.fi\\\/files\\\/sites\\\/7\\\/rayskala_logo_600px_taustalla.png\",\"width\":900,\"height\":800,\"caption\":\"Purjelennon SM-kilpailut\"},\"image\":{\"@id\":\"https:\\\/\\\/www.rayskala.fi\\\/smkisat\\\/#\\\/schema\\\/logo\\\/image\\\/\"},\"sameAs\":[\"https:\\\/\\\/www.facebook.com\\\/rayskala.fi\"]}]}<\/script>\n<!-- \/ Yoast SEO plugin. -->","yoast_head_json":{"title":"Purjelennon SM-kilpailut, R\u00e4ysk\u00e4l\u00e4n Ilmailukeskus","description":"R\u00e4ysk\u00e4l\u00e4-S\u00e4\u00e4ti\u00f6 j\u00e4rjest\u00e4\u00e4 purjelennon SM-kilpailut R\u00e4ysk\u00e4l\u00e4n lentokent\u00e4ll\u00e4 23.-30.5.2025 R\u00e4ysk\u00e4l\u00e4 Masters-kisojen yhteydess\u00e4.","robots":{"index":"index","follow":"follow","max-snippet":"max-snippet:-1","max-image-preview":"max-image-preview:large","max-video-preview":"max-video-preview:-1"},"canonical":"https:\/\/www.rayskala.fi\/smkisat\/","og_locale":"fi_FI","og_type":"article","og_title":"Purjelennon SM-kilpailut, R\u00e4ysk\u00e4l\u00e4n Ilmailukeskus","og_description":"R\u00e4ysk\u00e4l\u00e4-S\u00e4\u00e4ti\u00f6 j\u00e4rjest\u00e4\u00e4 purjelennon SM-kilpailut R\u00e4ysk\u00e4l\u00e4n lentokent\u00e4ll\u00e4 23.-30.5.2025 R\u00e4ysk\u00e4l\u00e4 Masters-kisojen yhteydess\u00e4.","og_url":"https:\/\/www.rayskala.fi\/smkisat\/","og_site_name":"Purjelennon SM-kilpailut","article_publisher":"https:\/\/www.facebook.com\/rayskala.fi","article_modified_time":"2026-02-27T09:59:18+00:00","og_image":[{"width":1500,"height":540,"url":"https:\/\/www.rayskala.fi\/files\/sites\/7\/smkisat_banner.jpg","type":"image\/jpeg"}],"twitter_card":"summary_large_image","twitter_misc":{"Arvioitu lukuaika":"1 minuutti"},"schema":{"@context":"https:\/\/schema.org","@graph":[{"@type":"WebPage","@id":"https:\/\/www.rayskala.fi\/smkisat\/","url":"https:\/\/www.rayskala.fi\/smkisat\/","name":"Purjelennon SM-kilpailut, R\u00e4ysk\u00e4l\u00e4n Ilmailukeskus","isPartOf":{"@id":"https:\/\/www.rayskala.fi\/smkisat\/#website"},"primaryImageOfPage":{"@id":"https:\/\/www.rayskala.fi\/smkisat\/#primaryimage"},"image":{"@id":"https:\/\/www.rayskala.fi\/smkisat\/#primaryimage"},"thumbnailUrl":"https:\/\/www.rayskala.fi\/files\/sites\/7\/smkisat_banner.jpg","datePublished":"2019-04-17T09:17:05+00:00","dateModified":"2026-02-27T09:59:18+00:00","description":"R\u00e4ysk\u00e4l\u00e4-S\u00e4\u00e4ti\u00f6 j\u00e4rjest\u00e4\u00e4 purjelennon SM-kilpailut R\u00e4ysk\u00e4l\u00e4n lentokent\u00e4ll\u00e4 23.-30.5.2025 R\u00e4ysk\u00e4l\u00e4 Masters-kisojen yhteydess\u00e4.","breadcrumb":{"@id":"https:\/\/www.rayskala.fi\/smkisat\/#breadcrumb"},"inLanguage":"fi","potentialAction":[{"@type":"ReadAction","target":["https:\/\/www.rayskala.fi\/smkisat\/"]}]},{"@type":"ImageObject","inLanguage":"fi","@id":"https:\/\/www.rayskala.fi\/smkisat\/#primaryimage","url":"https:\/\/www.rayskala.fi\/files\/sites\/7\/smkisat_banner.jpg","contentUrl":"https:\/\/www.rayskala.fi\/files\/sites\/7\/smkisat_banner.jpg","width":1500,"height":540},{"@type":"BreadcrumbList","@id":"https:\/\/www.rayskala.fi\/smkisat\/#breadcrumb","itemListElement":[{"@type":"ListItem","position":1,"name":"Home","item":"https:\/\/www.rayskala.fi\/smkisat\/"},{"@type":"ListItem","position":2,"name":"Purjelennon SM-kilpailut"}]},{"@type":"WebSite","@id":"https:\/\/www.rayskala.fi\/smkisat\/#website","url":"https:\/\/www.rayskala.fi\/smkisat\/","name":"Purjelennon SM-kilpailut","description":"Purjelennon SM-kilpailut R\u00e4ysk\u00e4l\u00e4ss\u00e4","publisher":{"@id":"https:\/\/www.rayskala.fi\/smkisat\/#organization"},"potentialAction":[{"@type":"SearchAction","target":{"@type":"EntryPoint","urlTemplate":"https:\/\/www.rayskala.fi\/smkisat\/?s={search_term_string}"},"query-input":{"@type":"PropertyValueSpecification","valueRequired":true,"valueName":"search_term_string"}}],"inLanguage":"fi"},{"@type":"Organization","@id":"https:\/\/www.rayskala.fi\/smkisat\/#organization","name":"Purjelennon SM-kilpailut","url":"https:\/\/www.rayskala.fi\/smkisat\/","logo":{"@type":"ImageObject","inLanguage":"fi","@id":"https:\/\/www.rayskala.fi\/smkisat\/#\/schema\/logo\/image\/","url":"https:\/\/www.rayskala.fi\/files\/sites\/7\/rayskala_logo_600px_taustalla.png","contentUrl":"https:\/\/www.rayskala.fi\/files\/sites\/7\/rayskala_logo_600px_taustalla.png","width":900,"height":800,"caption":"Purjelennon SM-kilpailut"},"image":{"@id":"https:\/\/www.rayskala.fi\/smkisat\/#\/schema\/logo\/image\/"},"sameAs":["https:\/\/www.facebook.com\/rayskala.fi"]}]}},"publishpress_future_action":{"enabled":false,"date":"2026-05-20 12:50:14","action":"change-status","newStatus":"draft","terms":[],"taxonomy":"","extraData":[]},"publishpress_future_workflow_manual_trigger":{"enabledWorkflows":[]},"_links":{"self":[{"href":"https:\/\/www.rayskala.fi\/smkisat\/wp-json\/wp\/v2\/pages\/2","targetHints":{"allow":["GET"]}}],"collection":[{"href":"https:\/\/www.rayskala.fi\/smkisat\/wp-json\/wp\/v2\/pages"}],"about":[{"href":"https:\/\/www.rayskala.fi\/smkisat\/wp-json\/wp\/v2\/types\/page"}],"author":[{"embeddable":true,"href":"https:\/\/www.rayskala.fi\/smkisat\/wp-json\/wp\/v2\/users\/1"}],"replies":[{"embeddable":true,"href":"https:\/\/www.rayskala.fi\/smkisat\/wp-json\/wp\/v2\/comments?post=2"}],"version-history":[{"count":533,"href":"https:\/\/www.rayskala.fi\/smkisat\/wp-json\/wp\/v2\/pages\/2\/revisions"}],"predecessor-version":[{"id":1614,"href":"https:\/\/www.rayskala.fi\/smkisat\/wp-json\/wp\/v2\/pages\/2\/revisions\/1614"}],"wp:featuredmedia":[{"embeddable":true,"href":"https:\/\/www.rayskala.fi\/smkisat\/wp-json\/wp\/v2\/media\/1232"}],"wp:attachment":[{"href":"https:\/\/www.rayskala.fi\/smkisat\/wp-json\/wp\/v2\/media?parent=2"}],"curies":[{"name":"wp","href":"https:\/\/api.w.org\/{rel}","templated":true}]}}