{"id":99,"date":"2020-07-10T10:19:03","date_gmt":"2020-07-10T10:19:03","guid":{"rendered":"https:\/\/www.rayskala.fi\/maaliinlaskukisat\/?page_id=99"},"modified":"2024-09-04T10:30:13","modified_gmt":"2024-09-04T10:30:13","slug":"yhteystiedot","status":"publish","type":"page","link":"https:\/\/www.rayskala.fi\/maaliinlaskukisat\/yhteystiedot\/","title":{"rendered":"Yhteystiedot"},"content":{"rendered":"<h1>Yhteystiedot<\/h1>\n<p><strong>Kilpailunjohtaja<\/strong><br \/>\nRiku Rissanen<br \/>\nrikurissanen@hotmail.com<br \/>\n0400 470 120<\/p>\n<p><strong>Majoitukset<br \/>\n<\/strong>R\u00e4ysk\u00e4l\u00e4-S\u00e4\u00e4ti\u00f6<br \/>\noffice@rayskala.fi<\/p>\n<p><b>Pankkitili<br \/>\n<\/b>Lammin SP IBAN FI87 4260 0010 4077 13<br \/>\n<strong>Osallistumismaksu<\/strong><br \/>\nEnnakkoilmoittautuminen p\u00e4\u00e4ttyy maanantaina 9.9.2024.<br \/>\nKilpailumaksu ajoissa ilmoittautuneille on 55 euroa, j\u00e4lki-ilmoittautuminen 75 euroa.\u00a0<strong>Alle 25v pilottien osallistumismaksu 40 euroa.<\/strong><br \/>\nKirjoita viestikentt\u00e4\u00e4n osallistujan nimi ja mahdollinen joukkue.<\/p>\n","protected":false},"excerpt":{"rendered":"<p>Yhteystiedot Kilpailunjohtaja Riku Rissanen rikurissanen@hotmail.com 0400 470 120 Majoitukset R\u00e4ysk\u00e4l\u00e4-S\u00e4\u00e4ti\u00f6 office@rayskala.fi Pankkitili Lammin SP IBAN FI87 4260 0010 4077 13 Osallistumismaksu Ennakkoilmoittautuminen p\u00e4\u00e4ttyy maanantaina 9.9.2024. Kilpailumaksu ajoissa ilmoittautuneille on 55 euroa, j\u00e4lki-ilmoittautuminen 75 euroa.\u00a0Alle 25v pilottien osallistumismaksu 40 euroa. Kirjoita viestikentt\u00e4\u00e4n osallistujan nimi ja mahdollinen joukkue.<\/p>\n","protected":false},"author":7,"featured_media":0,"parent":0,"menu_order":90000,"comment_status":"closed","ping_status":"closed","template":"","meta":{"footnotes":""},"class_list":["post-99","page","type-page","status-publish","hentry","entry"],"yoast_head":"<!-- This site is optimized with the Yoast SEO plugin v27.5 - https:\/\/yoast.com\/product\/yoast-seo-wordpress\/ -->\n<title>Yhteystiedot - Maaliinlaskun SM-kilpailut<\/title>\n<meta name=\"robots\" content=\"index, follow, max-snippet:-1, max-image-preview:large, max-video-preview:-1\" \/>\n<link rel=\"canonical\" href=\"https:\/\/www.rayskala.fi\/maaliinlaskukisat\/yhteystiedot\/\" \/>\n<meta property=\"og:locale\" content=\"fi_FI\" \/>\n<meta property=\"og:type\" content=\"article\" \/>\n<meta property=\"og:title\" content=\"Yhteystiedot - Maaliinlaskun SM-kilpailut\" \/>\n<meta property=\"og:description\" content=\"Yhteystiedot Kilpailunjohtaja Riku Rissanen rikurissanen@hotmail.com 0400 470 120 Majoitukset R\u00e4ysk\u00e4l\u00e4-S\u00e4\u00e4ti\u00f6 office@rayskala.fi Pankkitili Lammin SP IBAN FI87 4260 0010 4077 13 Osallistumismaksu Ennakkoilmoittautuminen p\u00e4\u00e4ttyy maanantaina 9.9.2024. Kilpailumaksu ajoissa ilmoittautuneille on 55 euroa, j\u00e4lki-ilmoittautuminen 75 euroa.\u00a0Alle 25v pilottien osallistumismaksu 40 euroa. Kirjoita viestikentt\u00e4\u00e4n osallistujan nimi ja mahdollinen joukkue.\" \/>\n<meta property=\"og:url\" content=\"https:\/\/www.rayskala.fi\/maaliinlaskukisat\/yhteystiedot\/\" \/>\n<meta property=\"og:site_name\" content=\"Maaliinlaskun SM-kilpailut\" \/>\n<meta property=\"article:modified_time\" content=\"2024-09-04T10:30:13+00:00\" \/>\n<meta name=\"twitter:card\" content=\"summary_large_image\" \/>\n<script type=\"application\/ld+json\" class=\"yoast-schema-graph\">{\"@context\":\"https:\\\/\\\/schema.org\",\"@graph\":[{\"@type\":\"WebPage\",\"@id\":\"https:\\\/\\\/www.rayskala.fi\\\/maaliinlaskukisat\\\/yhteystiedot\\\/\",\"url\":\"https:\\\/\\\/www.rayskala.fi\\\/maaliinlaskukisat\\\/yhteystiedot\\\/\",\"name\":\"Yhteystiedot - Maaliinlaskun SM-kilpailut\",\"isPartOf\":{\"@id\":\"https:\\\/\\\/www.rayskala.fi\\\/maaliinlaskukisat\\\/#website\"},\"datePublished\":\"2020-07-10T10:19:03+00:00\",\"dateModified\":\"2024-09-04T10:30:13+00:00\",\"breadcrumb\":{\"@id\":\"https:\\\/\\\/www.rayskala.fi\\\/maaliinlaskukisat\\\/yhteystiedot\\\/#breadcrumb\"},\"inLanguage\":\"fi\",\"potentialAction\":[{\"@type\":\"ReadAction\",\"target\":[\"https:\\\/\\\/www.rayskala.fi\\\/maaliinlaskukisat\\\/yhteystiedot\\\/\"]}]},{\"@type\":\"BreadcrumbList\",\"@id\":\"https:\\\/\\\/www.rayskala.fi\\\/maaliinlaskukisat\\\/yhteystiedot\\\/#breadcrumb\",\"itemListElement\":[{\"@type\":\"ListItem\",\"position\":1,\"name\":\"Etusivu\",\"item\":\"https:\\\/\\\/www.rayskala.fi\\\/maaliinlaskukisat\\\/\"},{\"@type\":\"ListItem\",\"position\":2,\"name\":\"Yhteystiedot\"}]},{\"@type\":\"WebSite\",\"@id\":\"https:\\\/\\\/www.rayskala.fi\\\/maaliinlaskukisat\\\/#website\",\"url\":\"https:\\\/\\\/www.rayskala.fi\\\/maaliinlaskukisat\\\/\",\"name\":\"Maaliinlaskun SM-kilpailut\",\"description\":\"Purjelennon maaliinlaskun SM-kilpailut R\u00e4ysk\u00e4l\u00e4ss\u00e4\",\"potentialAction\":[{\"@type\":\"SearchAction\",\"target\":{\"@type\":\"EntryPoint\",\"urlTemplate\":\"https:\\\/\\\/www.rayskala.fi\\\/maaliinlaskukisat\\\/?s={search_term_string}\"},\"query-input\":{\"@type\":\"PropertyValueSpecification\",\"valueRequired\":true,\"valueName\":\"search_term_string\"}}],\"inLanguage\":\"fi\"}]}<\/script>\n<!-- \/ Yoast SEO plugin. -->","yoast_head_json":{"title":"Yhteystiedot - Maaliinlaskun SM-kilpailut","robots":{"index":"index","follow":"follow","max-snippet":"max-snippet:-1","max-image-preview":"max-image-preview:large","max-video-preview":"max-video-preview:-1"},"canonical":"https:\/\/www.rayskala.fi\/maaliinlaskukisat\/yhteystiedot\/","og_locale":"fi_FI","og_type":"article","og_title":"Yhteystiedot - Maaliinlaskun SM-kilpailut","og_description":"Yhteystiedot Kilpailunjohtaja Riku Rissanen rikurissanen@hotmail.com 0400 470 120 Majoitukset R\u00e4ysk\u00e4l\u00e4-S\u00e4\u00e4ti\u00f6 office@rayskala.fi Pankkitili Lammin SP IBAN FI87 4260 0010 4077 13 Osallistumismaksu Ennakkoilmoittautuminen p\u00e4\u00e4ttyy maanantaina 9.9.2024. Kilpailumaksu ajoissa ilmoittautuneille on 55 euroa, j\u00e4lki-ilmoittautuminen 75 euroa.\u00a0Alle 25v pilottien osallistumismaksu 40 euroa. Kirjoita viestikentt\u00e4\u00e4n osallistujan nimi ja mahdollinen joukkue.","og_url":"https:\/\/www.rayskala.fi\/maaliinlaskukisat\/yhteystiedot\/","og_site_name":"Maaliinlaskun SM-kilpailut","article_modified_time":"2024-09-04T10:30:13+00:00","twitter_card":"summary_large_image","schema":{"@context":"https:\/\/schema.org","@graph":[{"@type":"WebPage","@id":"https:\/\/www.rayskala.fi\/maaliinlaskukisat\/yhteystiedot\/","url":"https:\/\/www.rayskala.fi\/maaliinlaskukisat\/yhteystiedot\/","name":"Yhteystiedot - Maaliinlaskun SM-kilpailut","isPartOf":{"@id":"https:\/\/www.rayskala.fi\/maaliinlaskukisat\/#website"},"datePublished":"2020-07-10T10:19:03+00:00","dateModified":"2024-09-04T10:30:13+00:00","breadcrumb":{"@id":"https:\/\/www.rayskala.fi\/maaliinlaskukisat\/yhteystiedot\/#breadcrumb"},"inLanguage":"fi","potentialAction":[{"@type":"ReadAction","target":["https:\/\/www.rayskala.fi\/maaliinlaskukisat\/yhteystiedot\/"]}]},{"@type":"BreadcrumbList","@id":"https:\/\/www.rayskala.fi\/maaliinlaskukisat\/yhteystiedot\/#breadcrumb","itemListElement":[{"@type":"ListItem","position":1,"name":"Etusivu","item":"https:\/\/www.rayskala.fi\/maaliinlaskukisat\/"},{"@type":"ListItem","position":2,"name":"Yhteystiedot"}]},{"@type":"WebSite","@id":"https:\/\/www.rayskala.fi\/maaliinlaskukisat\/#website","url":"https:\/\/www.rayskala.fi\/maaliinlaskukisat\/","name":"Maaliinlaskun SM-kilpailut","description":"Purjelennon maaliinlaskun SM-kilpailut R\u00e4ysk\u00e4l\u00e4ss\u00e4","potentialAction":[{"@type":"SearchAction","target":{"@type":"EntryPoint","urlTemplate":"https:\/\/www.rayskala.fi\/maaliinlaskukisat\/?s={search_term_string}"},"query-input":{"@type":"PropertyValueSpecification","valueRequired":true,"valueName":"search_term_string"}}],"inLanguage":"fi"}]}},"publishpress_future_action":{"enabled":false,"date":"2026-05-07 14:40:03","action":"change-status","newStatus":"draft","terms":[],"taxonomy":"","extraData":[]},"publishpress_future_workflow_manual_trigger":{"enabledWorkflows":[]},"_links":{"self":[{"href":"https:\/\/www.rayskala.fi\/maaliinlaskukisat\/wp-json\/wp\/v2\/pages\/99","targetHints":{"allow":["GET"]}}],"collection":[{"href":"https:\/\/www.rayskala.fi\/maaliinlaskukisat\/wp-json\/wp\/v2\/pages"}],"about":[{"href":"https:\/\/www.rayskala.fi\/maaliinlaskukisat\/wp-json\/wp\/v2\/types\/page"}],"author":[{"embeddable":true,"href":"https:\/\/www.rayskala.fi\/maaliinlaskukisat\/wp-json\/wp\/v2\/users\/7"}],"replies":[{"embeddable":true,"href":"https:\/\/www.rayskala.fi\/maaliinlaskukisat\/wp-json\/wp\/v2\/comments?post=99"}],"version-history":[{"count":4,"href":"https:\/\/www.rayskala.fi\/maaliinlaskukisat\/wp-json\/wp\/v2\/pages\/99\/revisions"}],"predecessor-version":[{"id":183,"href":"https:\/\/www.rayskala.fi\/maaliinlaskukisat\/wp-json\/wp\/v2\/pages\/99\/revisions\/183"}],"wp:attachment":[{"href":"https:\/\/www.rayskala.fi\/maaliinlaskukisat\/wp-json\/wp\/v2\/media?parent=99"}],"curies":[{"name":"wp","href":"https:\/\/api.w.org\/{rel}","templated":true}]}}