{"id":2,"date":"2020-07-07T06:46:16","date_gmt":"2020-07-07T06:46:16","guid":{"rendered":"https:\/\/www.rayskala.fi\/maaliinlaskukisat\/?page_id=2"},"modified":"2024-09-04T10:27:13","modified_gmt":"2024-09-04T10:27:13","slug":"etusivu","status":"publish","type":"page","link":"https:\/\/www.rayskala.fi\/maaliinlaskukisat\/","title":{"rendered":"Etusivu"},"content":{"rendered":"\t\t<div data-elementor-type=\"wp-page\" data-elementor-id=\"2\" class=\"elementor elementor-2\" data-elementor-post-type=\"page\">\n\t\t\t\t\t\t<section class=\"elementor-section elementor-top-section elementor-element elementor-element-20039c28 elementor-section-full_width elementor-section-height-default elementor-section-height-default\" data-id=\"20039c28\" data-element_type=\"section\" data-e-type=\"section\">\n\t\t\t\t\t\t<div class=\"elementor-container elementor-column-gap-default\">\n\t\t\t\t\t<div class=\"elementor-column elementor-col-50 elementor-top-column elementor-element elementor-element-4d57cfaa\" data-id=\"4d57cfaa\" data-element_type=\"column\" data-e-type=\"column\">\n\t\t\t<div class=\"elementor-widget-wrap elementor-element-populated\">\n\t\t\t\t\t\t<div class=\"elementor-element elementor-element-3221f2ae elementor-widget elementor-widget-text-editor\" data-id=\"3221f2ae\" data-element_type=\"widget\" data-e-type=\"widget\" data-widget_type=\"text-editor.default\">\n\t\t\t\t<div class=\"elementor-widget-container\">\n\t\t\t\t\t\t\t\t\t<h1>KILPAILUKUTSU<\/h1>\n<p>Purjelennon maaliinlaskun SM 2024 kilpailuihin la 14.9.2024 R\u00e4ysk\u00e4l\u00e4n lentokent\u00e4lle. Su 15.9.2024 on varap\u00e4iv\u00e4.<\/p>\n<p>Kilpailun j\u00e4rjest\u00e4j\u00e4n\u00e4 toimii Lentokerho 63 ry. Kisoissa noudatetaan voimassaolevia Suomen Ilmailuliitto ry:n julkaisemia purjelennon maaliinlaskun SM-kilpailus\u00e4\u00e4nt\u00f6j\u00e4. Kilpailunjohtajana toimii Riku Rissanen ja muu organisaatio esitell\u00e4\u00e4n briefingiss\u00e4 14.9.2024.<\/p>\n<p>Ennakkoilmoittautuminen p\u00e4\u00e4ttyy maanantaina 9.9.2024. Kilpailumaksu ajoissa ilmoittautuneille on 55 euroa, j\u00e4lki-ilmoittautuminen 75 euroa. Osanottajilla tulee olla voimassaoleva kilpailulisenssi, joka on hankittava etuk\u00e4teen Ilmailuliitosta. <b>Huom! Alle 25v pilottien osallistumismaksu 40 euroa!<\/b><\/p>\n<p>Hinauksista ja majoituksista vastaa R\u00e4ysk\u00e4l\u00e4-S\u00e4\u00e4ti\u00f6.<br>Ilmoittautumisohjeet ja osallistujaluettelo kisoihin ilmoittautuneista piloteista ovat n\u00e4ht\u00e4vill\u00e4 Pulinajaksolla, <a href=\"https:\/\/www.facebook.com\/lentokerho63\" target=\"_blank\" rel=\"noopener\">Lentokerho 63 ry:n Facebook-sivuilla<\/a> ja <a href=\"https:\/\/www.rayskala.fi\/maaliinlaskukisat\/osallistujat\/\">Osallistujat-sivulla<\/a>.<\/p>\n<p>Ilmoittautumiset ja tiedustelut s\u00e4hk\u00f6postilla Riku Rissanen,&nbsp;rikurissanen@hotmail.com, puhelin 0400 470120.<\/p>\n<h3>Lis\u00e4tietoja<\/h3>\n<p><strong><span style=\"font-size: 14px;color: var( --e-global-color-text )\">Hinaukset<br><\/span><\/strong>Lekohinauksista vastaa R\u00e4ysk\u00e4l\u00e4-S\u00e4\u00e4ti\u00f6, kahden puolihinauksen hinta on yhteens\u00e4 44 euroa. Hinausten maksamisesta informoidaan briefingiss\u00e4.<\/p>\n<p><strong>Osallistumismaksu<\/strong><br>Osallistumismaksu maksetaan 9.9.2024 menness\u00e4 Lentokerho \u2013 63 ry tilille:<br>Lammin SP, IBAN FI87 4260 0010 4077 13<br>Kirjoita viestikentt\u00e4\u00e4n osallistujan nimi ja mahdollinen joukkue.<\/p>\t\t\t\t\t\t\t\t<\/div>\n\t\t\t\t<\/div>\n\t\t\t\t\t<\/div>\n\t\t<\/div>\n\t\t\t\t<div class=\"elementor-column elementor-col-50 elementor-top-column elementor-element elementor-element-732f588\" data-id=\"732f588\" data-element_type=\"column\" data-e-type=\"column\">\n\t\t\t<div class=\"elementor-widget-wrap elementor-element-populated\">\n\t\t\t\t\t\t<div class=\"elementor-element elementor-element-bd1d261 elementor-widget elementor-widget-text-editor\" data-id=\"bd1d261\" data-element_type=\"widget\" data-e-type=\"widget\" data-widget_type=\"text-editor.default\">\n\t\t\t\t<div class=\"elementor-widget-container\">\n\t\t\t\t\t\t\t\t\t<h2>Ohjelma ja kisapaikalla ilmoittautuminen<\/h2><p>Kisojen avajaiset R\u00e4ysk\u00e4l\u00e4n lippuaukiolla, Ravintola Huhkajalammen edess\u00e4 lauantaina 14.9.2024 klo 09:30, jonka j\u00e4lkeen v\u00e4litt\u00f6m\u00e4sti turvallisuusbriefing. Kilpailulennot alkavat s\u00e4\u00e4n salliessa klo 11.00 menness\u00e4, kilpailijoille varataan aikaa tutustua laskusarkaan ennen kilpailulentojen alkua.<\/p><p>Ilmoittautuminen kisatoimistolla perjantaina 13.9 klo 18-20:00, lauantaina 14.9 klo 08-09:30. Ilmoittautuessasi mukaan medikaali, pilotin lupakirja ja FAI-lisenssi (s\u00e4hk\u00f6inen j\u00e4senkortti k\u00e4y). Varmistaudu k\u00e4ytt\u00e4m\u00e4si koneen lentokelpoisuudesta ja lentovastuuvakuutuksen voimassaolosta JO ENNEN ilmoittautumista!<\/p>\t\t\t\t\t\t\t\t<\/div>\n\t\t\t\t<\/div>\n\t\t\t\t\t<\/div>\n\t\t<\/div>\n\t\t\t\t\t<\/div>\n\t\t<\/section>\n\t\t\t\t<\/div>\n\t\t","protected":false},"excerpt":{"rendered":"<p>KILPAILUKUTSU Purjelennon maaliinlaskun SM 2024 kilpailuihin la 14.9.2024 R\u00e4ysk\u00e4l\u00e4n lentokent\u00e4lle. Su 15.9.2024 on varap\u00e4iv\u00e4. Kilpailun j\u00e4rjest\u00e4j\u00e4n\u00e4 toimii Lentokerho 63 ry. Kisoissa noudatetaan voimassaolevia Suomen Ilmailuliitto ry:n julkaisemia purjelennon maaliinlaskun SM-kilpailus\u00e4\u00e4nt\u00f6j\u00e4. Kilpailunjohtajana toimii Riku Rissanen ja muu organisaatio esitell\u00e4\u00e4n briefingiss\u00e4 14.9.2024. Ennakkoilmoittautuminen p\u00e4\u00e4ttyy maanantaina 9.9.2024. Kilpailumaksu ajoissa ilmoittautuneille on 55 euroa, j\u00e4lki-ilmoittautuminen 75 euroa. Osanottajilla tulee [&hellip;]<\/p>\n","protected":false},"author":7,"featured_media":4,"parent":0,"menu_order":0,"comment_status":"closed","ping_status":"closed","template":"","meta":{"footnotes":""},"class_list":["post-2","page","type-page","status-publish","has-post-thumbnail","hentry","entry","has-media"],"yoast_head":"<!-- This site is optimized with the Yoast SEO plugin v27.3 - https:\/\/yoast.com\/product\/yoast-seo-wordpress\/ -->\n<title>Etusivu - Maaliinlaskun SM-kilpailut<\/title>\n<meta name=\"robots\" content=\"index, follow, max-snippet:-1, max-image-preview:large, max-video-preview:-1\" \/>\n<link rel=\"canonical\" href=\"https:\/\/www.rayskala.fi\/maaliinlaskukisat\/\" \/>\n<meta property=\"og:locale\" content=\"fi_FI\" \/>\n<meta property=\"og:type\" content=\"article\" \/>\n<meta property=\"og:title\" content=\"Etusivu - Maaliinlaskun SM-kilpailut\" \/>\n<meta property=\"og:description\" content=\"KILPAILUKUTSU Purjelennon maaliinlaskun SM 2024 kilpailuihin la 14.9.2024 R\u00e4ysk\u00e4l\u00e4n lentokent\u00e4lle. Su 15.9.2024 on varap\u00e4iv\u00e4. Kilpailun j\u00e4rjest\u00e4j\u00e4n\u00e4 toimii Lentokerho 63 ry. Kisoissa noudatetaan voimassaolevia Suomen Ilmailuliitto ry:n julkaisemia purjelennon maaliinlaskun SM-kilpailus\u00e4\u00e4nt\u00f6j\u00e4. Kilpailunjohtajana toimii Riku Rissanen ja muu organisaatio esitell\u00e4\u00e4n briefingiss\u00e4 14.9.2024. Ennakkoilmoittautuminen p\u00e4\u00e4ttyy maanantaina 9.9.2024. Kilpailumaksu ajoissa ilmoittautuneille on 55 euroa, j\u00e4lki-ilmoittautuminen 75 euroa. Osanottajilla tulee [&hellip;]\" \/>\n<meta property=\"og:url\" content=\"https:\/\/www.rayskala.fi\/maaliinlaskukisat\/\" \/>\n<meta property=\"og:site_name\" content=\"Maaliinlaskun SM-kilpailut\" \/>\n<meta property=\"article:modified_time\" content=\"2024-09-04T10:27:13+00:00\" \/>\n<meta property=\"og:image\" content=\"https:\/\/www.rayskala.fi\/files\/sites\/11\/maaliinlasku_logo.png\" \/>\n\t<meta property=\"og:image:width\" content=\"512\" \/>\n\t<meta property=\"og:image:height\" content=\"512\" \/>\n\t<meta property=\"og:image:type\" content=\"image\/png\" \/>\n<meta name=\"twitter:card\" content=\"summary_large_image\" \/>\n<meta name=\"twitter:label1\" content=\"Arvioitu lukuaika\" \/>\n\t<meta name=\"twitter:data1\" content=\"1 minuutti\" \/>\n<script type=\"application\/ld+json\" class=\"yoast-schema-graph\">{\"@context\":\"https:\\\/\\\/schema.org\",\"@graph\":[{\"@type\":\"WebPage\",\"@id\":\"https:\\\/\\\/www.rayskala.fi\\\/maaliinlaskukisat\\\/\",\"url\":\"https:\\\/\\\/www.rayskala.fi\\\/maaliinlaskukisat\\\/\",\"name\":\"Etusivu - Maaliinlaskun SM-kilpailut\",\"isPartOf\":{\"@id\":\"https:\\\/\\\/www.rayskala.fi\\\/maaliinlaskukisat\\\/#website\"},\"primaryImageOfPage\":{\"@id\":\"https:\\\/\\\/www.rayskala.fi\\\/maaliinlaskukisat\\\/#primaryimage\"},\"image\":{\"@id\":\"https:\\\/\\\/www.rayskala.fi\\\/maaliinlaskukisat\\\/#primaryimage\"},\"thumbnailUrl\":\"https:\\\/\\\/www.rayskala.fi\\\/files\\\/sites\\\/11\\\/maaliinlasku_logo.png\",\"datePublished\":\"2020-07-07T06:46:16+00:00\",\"dateModified\":\"2024-09-04T10:27:13+00:00\",\"breadcrumb\":{\"@id\":\"https:\\\/\\\/www.rayskala.fi\\\/maaliinlaskukisat\\\/#breadcrumb\"},\"inLanguage\":\"fi\",\"potentialAction\":[{\"@type\":\"ReadAction\",\"target\":[\"https:\\\/\\\/www.rayskala.fi\\\/maaliinlaskukisat\\\/\"]}]},{\"@type\":\"ImageObject\",\"inLanguage\":\"fi\",\"@id\":\"https:\\\/\\\/www.rayskala.fi\\\/maaliinlaskukisat\\\/#primaryimage\",\"url\":\"https:\\\/\\\/www.rayskala.fi\\\/files\\\/sites\\\/11\\\/maaliinlasku_logo.png\",\"contentUrl\":\"https:\\\/\\\/www.rayskala.fi\\\/files\\\/sites\\\/11\\\/maaliinlasku_logo.png\",\"width\":512,\"height\":512},{\"@type\":\"BreadcrumbList\",\"@id\":\"https:\\\/\\\/www.rayskala.fi\\\/maaliinlaskukisat\\\/#breadcrumb\",\"itemListElement\":[{\"@type\":\"ListItem\",\"position\":1,\"name\":\"Etusivu\",\"item\":\"https:\\\/\\\/www.rayskala.fi\\\/maaliinlaskukisat\\\/\"},{\"@type\":\"ListItem\",\"position\":2,\"name\":\"Etusivu\"}]},{\"@type\":\"WebSite\",\"@id\":\"https:\\\/\\\/www.rayskala.fi\\\/maaliinlaskukisat\\\/#website\",\"url\":\"https:\\\/\\\/www.rayskala.fi\\\/maaliinlaskukisat\\\/\",\"name\":\"Maaliinlaskun SM-kilpailut\",\"description\":\"Purjelennon maaliinlaskun SM-kilpailut R\u00e4ysk\u00e4l\u00e4ss\u00e4\",\"potentialAction\":[{\"@type\":\"SearchAction\",\"target\":{\"@type\":\"EntryPoint\",\"urlTemplate\":\"https:\\\/\\\/www.rayskala.fi\\\/maaliinlaskukisat\\\/?s={search_term_string}\"},\"query-input\":{\"@type\":\"PropertyValueSpecification\",\"valueRequired\":true,\"valueName\":\"search_term_string\"}}],\"inLanguage\":\"fi\"}]}<\/script>\n<!-- \/ Yoast SEO plugin. -->","yoast_head_json":{"title":"Etusivu - Maaliinlaskun SM-kilpailut","robots":{"index":"index","follow":"follow","max-snippet":"max-snippet:-1","max-image-preview":"max-image-preview:large","max-video-preview":"max-video-preview:-1"},"canonical":"https:\/\/www.rayskala.fi\/maaliinlaskukisat\/","og_locale":"fi_FI","og_type":"article","og_title":"Etusivu - Maaliinlaskun SM-kilpailut","og_description":"KILPAILUKUTSU Purjelennon maaliinlaskun SM 2024 kilpailuihin la 14.9.2024 R\u00e4ysk\u00e4l\u00e4n lentokent\u00e4lle. Su 15.9.2024 on varap\u00e4iv\u00e4. Kilpailun j\u00e4rjest\u00e4j\u00e4n\u00e4 toimii Lentokerho 63 ry. Kisoissa noudatetaan voimassaolevia Suomen Ilmailuliitto ry:n julkaisemia purjelennon maaliinlaskun SM-kilpailus\u00e4\u00e4nt\u00f6j\u00e4. Kilpailunjohtajana toimii Riku Rissanen ja muu organisaatio esitell\u00e4\u00e4n briefingiss\u00e4 14.9.2024. Ennakkoilmoittautuminen p\u00e4\u00e4ttyy maanantaina 9.9.2024. Kilpailumaksu ajoissa ilmoittautuneille on 55 euroa, j\u00e4lki-ilmoittautuminen 75 euroa. Osanottajilla tulee [&hellip;]","og_url":"https:\/\/www.rayskala.fi\/maaliinlaskukisat\/","og_site_name":"Maaliinlaskun SM-kilpailut","article_modified_time":"2024-09-04T10:27:13+00:00","og_image":[{"width":512,"height":512,"url":"https:\/\/www.rayskala.fi\/files\/sites\/11\/maaliinlasku_logo.png","type":"image\/png"}],"twitter_card":"summary_large_image","twitter_misc":{"Arvioitu lukuaika":"1 minuutti"},"schema":{"@context":"https:\/\/schema.org","@graph":[{"@type":"WebPage","@id":"https:\/\/www.rayskala.fi\/maaliinlaskukisat\/","url":"https:\/\/www.rayskala.fi\/maaliinlaskukisat\/","name":"Etusivu - Maaliinlaskun SM-kilpailut","isPartOf":{"@id":"https:\/\/www.rayskala.fi\/maaliinlaskukisat\/#website"},"primaryImageOfPage":{"@id":"https:\/\/www.rayskala.fi\/maaliinlaskukisat\/#primaryimage"},"image":{"@id":"https:\/\/www.rayskala.fi\/maaliinlaskukisat\/#primaryimage"},"thumbnailUrl":"https:\/\/www.rayskala.fi\/files\/sites\/11\/maaliinlasku_logo.png","datePublished":"2020-07-07T06:46:16+00:00","dateModified":"2024-09-04T10:27:13+00:00","breadcrumb":{"@id":"https:\/\/www.rayskala.fi\/maaliinlaskukisat\/#breadcrumb"},"inLanguage":"fi","potentialAction":[{"@type":"ReadAction","target":["https:\/\/www.rayskala.fi\/maaliinlaskukisat\/"]}]},{"@type":"ImageObject","inLanguage":"fi","@id":"https:\/\/www.rayskala.fi\/maaliinlaskukisat\/#primaryimage","url":"https:\/\/www.rayskala.fi\/files\/sites\/11\/maaliinlasku_logo.png","contentUrl":"https:\/\/www.rayskala.fi\/files\/sites\/11\/maaliinlasku_logo.png","width":512,"height":512},{"@type":"BreadcrumbList","@id":"https:\/\/www.rayskala.fi\/maaliinlaskukisat\/#breadcrumb","itemListElement":[{"@type":"ListItem","position":1,"name":"Etusivu","item":"https:\/\/www.rayskala.fi\/maaliinlaskukisat\/"},{"@type":"ListItem","position":2,"name":"Etusivu"}]},{"@type":"WebSite","@id":"https:\/\/www.rayskala.fi\/maaliinlaskukisat\/#website","url":"https:\/\/www.rayskala.fi\/maaliinlaskukisat\/","name":"Maaliinlaskun SM-kilpailut","description":"Purjelennon maaliinlaskun SM-kilpailut R\u00e4ysk\u00e4l\u00e4ss\u00e4","potentialAction":[{"@type":"SearchAction","target":{"@type":"EntryPoint","urlTemplate":"https:\/\/www.rayskala.fi\/maaliinlaskukisat\/?s={search_term_string}"},"query-input":{"@type":"PropertyValueSpecification","valueRequired":true,"valueName":"search_term_string"}}],"inLanguage":"fi"}]}},"publishpress_future_action":{"enabled":false,"date":"2026-04-15 08:35:39","action":"change-status","newStatus":"draft","terms":[],"taxonomy":"","extraData":[]},"publishpress_future_workflow_manual_trigger":{"enabledWorkflows":[]},"_links":{"self":[{"href":"https:\/\/www.rayskala.fi\/maaliinlaskukisat\/wp-json\/wp\/v2\/pages\/2","targetHints":{"allow":["GET"]}}],"collection":[{"href":"https:\/\/www.rayskala.fi\/maaliinlaskukisat\/wp-json\/wp\/v2\/pages"}],"about":[{"href":"https:\/\/www.rayskala.fi\/maaliinlaskukisat\/wp-json\/wp\/v2\/types\/page"}],"author":[{"embeddable":true,"href":"https:\/\/www.rayskala.fi\/maaliinlaskukisat\/wp-json\/wp\/v2\/users\/7"}],"replies":[{"embeddable":true,"href":"https:\/\/www.rayskala.fi\/maaliinlaskukisat\/wp-json\/wp\/v2\/comments?post=2"}],"version-history":[{"count":28,"href":"https:\/\/www.rayskala.fi\/maaliinlaskukisat\/wp-json\/wp\/v2\/pages\/2\/revisions"}],"predecessor-version":[{"id":182,"href":"https:\/\/www.rayskala.fi\/maaliinlaskukisat\/wp-json\/wp\/v2\/pages\/2\/revisions\/182"}],"wp:featuredmedia":[{"embeddable":true,"href":"https:\/\/www.rayskala.fi\/maaliinlaskukisat\/wp-json\/wp\/v2\/media\/4"}],"wp:attachment":[{"href":"https:\/\/www.rayskala.fi\/maaliinlaskukisat\/wp-json\/wp\/v2\/media?parent=2"}],"curies":[{"name":"wp","href":"https:\/\/api.w.org\/{rel}","templated":true}]}}